{"id":5400,"date":"2021-12-20T00:01:16","date_gmt":"2021-12-20T00:01:16","guid":{"rendered":"https:\/\/nuevo.servinfo.com.uy\/sitio\/?page_id=5400"},"modified":"2022-01-23T03:36:52","modified_gmt":"2022-01-23T03:36:52","slug":"tecnologia-para-la-seguridad","status":"publish","type":"page","link":"https:\/\/servinfo.com.uy\/index.php\/tecnologia-para-la-seguridad\/","title":{"rendered":"Tecnolog\u00eda para la seguridad"},"content":{"rendered":"\t\t<div data-elementor-type=\"wp-page\" data-elementor-id=\"5400\" class=\"elementor elementor-5400\">\n\t\t\t\t\t\t<section class=\"elementor-section elementor-top-section elementor-element elementor-element-6163dc2 ot-traditional elementor-section-boxed elementor-section-height-default elementor-section-height-default\" data-id=\"6163dc2\" data-element_type=\"section\">\n\t\t\t\t\t\t<div class=\"elementor-container elementor-column-gap-default\">\n\t\t\t\t\t<div class=\"elementor-column elementor-col-100 elementor-top-column elementor-element elementor-element-bf054fb ot-flex-column-vertical\" data-id=\"bf054fb\" data-element_type=\"column\">\n\t\t\t<div class=\"elementor-widget-wrap elementor-element-populated\">\n\t\t\t\t\t\t<div class=\"elementor-element elementor-element-0cda340 elementor-widget elementor-widget-heading\" data-id=\"0cda340\" data-element_type=\"widget\" data-widget_type=\"heading.default\">\n\t\t\t\t<div class=\"elementor-widget-container\">\n\t\t\t\t\t<h3 class=\"elementor-heading-title elementor-size-default\">Desarrollamos e implementamos soluciones tecnol\u00f3gicas para mejorar la seguridad en espacios f\u00edsicos con altos requerimientos de control y monitoreo de acceso, tanto para propiedades de uso como vivienda as\u00ed como para empresas.<\/h3>\t\t\t\t<\/div>\n\t\t\t\t<\/div>\n\t\t\t\t\t<\/div>\n\t\t<\/div>\n\t\t\t\t\t<\/div>\n\t\t<\/section>\n\t\t\t\t<section class=\"elementor-section elementor-top-section elementor-element elementor-element-7f3cbd8 elementor-section-content-middle ot-traditional elementor-section-boxed elementor-section-height-default elementor-section-height-default\" data-id=\"7f3cbd8\" data-element_type=\"section\" data-settings=\"{&quot;background_background&quot;:&quot;classic&quot;}\">\n\t\t\t\t\t\t<div class=\"elementor-container elementor-column-gap-extended\">\n\t\t\t\t\t<div class=\"elementor-column elementor-col-50 elementor-top-column elementor-element elementor-element-9fc2569 ot-column-items-top ot-flex-column-vertical\" data-id=\"9fc2569\" data-element_type=\"column\">\n\t\t\t<div class=\"elementor-widget-wrap elementor-element-populated\">\n\t\t\t\t\t\t<div class=\"elementor-element elementor-element-925ee15 elementor-widget elementor-widget-iheading\" data-id=\"925ee15\" data-element_type=\"widget\" data-widget_type=\"iheading.default\">\n\t\t\t\t<div class=\"elementor-widget-container\">\n\t\t\t\t\t\t\t<div class=\"ot-heading\">\r\n\t        <h2 class=\"main-heading\">Seguridad perimetral <\/h2>\t    <\/div>\r\n\t    \t\t\t\t<\/div>\n\t\t\t\t<\/div>\n\t\t\t\t<div class=\"elementor-element elementor-element-5f326aa elementor-widget elementor-widget-text-editor\" data-id=\"5f326aa\" data-element_type=\"widget\" data-widget_type=\"text-editor.default\">\n\t\t\t\t<div class=\"elementor-widget-container\">\n\t\t\t\t\t\t\t\t\t<p><span style=\"font-weight: 400;\">Combinando tecnolog\u00eda que hasta hace poco era\u00a0\u00fanicamente de grado militar, los sistemas de c\u00e1maras con sensores t\u00e9rmicos permiten la identificaci\u00f3n de veh\u00edculos, personas o animales a cientos de metros de forma clara y precisa.<\/span><\/p><p><span style=\"font-weight: 400;\">Aprovechando su experiencia en el an\u00e1lisis de im\u00e1genes y algoritmos inteligentes, Dahua Technology ha desarrollado una nueva generaci\u00f3n de dispositivos emisores de im\u00e1genes t\u00e9rmicas con funciones innovadoras que equilibran la luz visible con infrarrojos, permitiendo a los usuarios monitorear efectivamente un \u00e1rea bajo todas las condiciones de iluminaci\u00f3n. Adem\u00e1s, estas funciones incluyen capacidades avanzadas, tales como la medici\u00f3n inteligente de temperatura y el an\u00e1lisis del comportamiento, ampliando a\u00fan m\u00e1s el alcance de las aplicaciones de vigilancia, como la protecci\u00f3n perimetral o el mantenimiento predictivo de los equipos en las subestaciones.<\/span><\/p><p><a href=\"https:\/\/servinfo.com.uy\/index.php\/contacto\/\"><span style=\"font-weight: 400;\">Por m\u00e1s informaci\u00f3n cont\u00e1ctenos<\/span><\/a><\/p>\t\t\t\t\t\t\t\t<\/div>\n\t\t\t\t<\/div>\n\t\t\t\t\t<\/div>\n\t\t<\/div>\n\t\t\t\t<div class=\"elementor-column elementor-col-50 elementor-top-column elementor-element elementor-element-7564da8 ot-column-items-center ot-flex-column-vertical\" data-id=\"7564da8\" data-element_type=\"column\" data-settings=\"{&quot;background_background&quot;:&quot;classic&quot;}\">\n\t\t\t<div class=\"elementor-widget-wrap elementor-element-populated\">\n\t\t\t\t\t\t<div class=\"elementor-element elementor-element-0caffe6 elementor-widget elementor-widget-image\" data-id=\"0caffe6\" data-element_type=\"widget\" data-widget_type=\"image.default\">\n\t\t\t\t<div class=\"elementor-widget-container\">\n\t\t\t\t\t\t\t\t\t\t\t\t\t\t\t<img fetchpriority=\"high\" decoding=\"async\" width=\"1024\" height=\"683\" src=\"https:\/\/servinfo.com.uy\/wp-content\/uploads\/2022\/01\/Seguridad-Perimetral-Camaras-Termicas-1024x683.jpg\" class=\"attachment-large size-large wp-image-5706\" alt=\"\" srcset=\"https:\/\/servinfo.com.uy\/wp-content\/uploads\/2022\/01\/Seguridad-Perimetral-Camaras-Termicas-1024x683.jpg 1024w, https:\/\/servinfo.com.uy\/wp-content\/uploads\/2022\/01\/Seguridad-Perimetral-Camaras-Termicas-300x200.jpg 300w, https:\/\/servinfo.com.uy\/wp-content\/uploads\/2022\/01\/Seguridad-Perimetral-Camaras-Termicas-768x513.jpg 768w, https:\/\/servinfo.com.uy\/wp-content\/uploads\/2022\/01\/Seguridad-Perimetral-Camaras-Termicas-1536x1025.jpg 1536w, https:\/\/servinfo.com.uy\/wp-content\/uploads\/2022\/01\/Seguridad-Perimetral-Camaras-Termicas-2048x1367.jpg 2048w, https:\/\/servinfo.com.uy\/wp-content\/uploads\/2022\/01\/Seguridad-Perimetral-Camaras-Termicas-720x481.jpg 720w\" sizes=\"(max-width: 1024px) 100vw, 1024px\" \/>\t\t\t\t\t\t\t\t\t\t\t\t\t\t\t<\/div>\n\t\t\t\t<\/div>\n\t\t\t\t\t<\/div>\n\t\t<\/div>\n\t\t\t\t\t<\/div>\n\t\t<\/section>\n\t\t\t\t<section class=\"elementor-section elementor-top-section elementor-element elementor-element-e4e412a elementor-section-content-middle elementor-reverse-mobile ot-traditional elementor-section-boxed elementor-section-height-default elementor-section-height-default\" data-id=\"e4e412a\" data-element_type=\"section\" data-settings=\"{&quot;background_background&quot;:&quot;classic&quot;}\">\n\t\t\t\t\t\t<div class=\"elementor-container elementor-column-gap-extended\">\n\t\t\t\t\t<div class=\"elementor-column elementor-col-50 elementor-top-column elementor-element elementor-element-e4c9b6d ot-column-items-center ot-flex-column-vertical\" data-id=\"e4c9b6d\" data-element_type=\"column\">\n\t\t\t<div class=\"elementor-widget-wrap elementor-element-populated\">\n\t\t\t\t\t\t<div class=\"elementor-element elementor-element-c068128 elementor-widget elementor-widget-image\" data-id=\"c068128\" data-element_type=\"widget\" data-widget_type=\"image.default\">\n\t\t\t\t<div class=\"elementor-widget-container\">\n\t\t\t\t\t\t\t\t\t\t\t\t\t\t\t<img decoding=\"async\" width=\"1024\" height=\"688\" src=\"https:\/\/servinfo.com.uy\/wp-content\/uploads\/2022\/01\/RadaresPerimetrales-1024x688.jpg\" class=\"attachment-large size-large wp-image-5705\" alt=\"\" srcset=\"https:\/\/servinfo.com.uy\/wp-content\/uploads\/2022\/01\/RadaresPerimetrales-1024x688.jpg 1024w, https:\/\/servinfo.com.uy\/wp-content\/uploads\/2022\/01\/RadaresPerimetrales-300x202.jpg 300w, https:\/\/servinfo.com.uy\/wp-content\/uploads\/2022\/01\/RadaresPerimetrales-768x516.jpg 768w, https:\/\/servinfo.com.uy\/wp-content\/uploads\/2022\/01\/RadaresPerimetrales-1536x1032.jpg 1536w, https:\/\/servinfo.com.uy\/wp-content\/uploads\/2022\/01\/RadaresPerimetrales-2048x1377.jpg 2048w, https:\/\/servinfo.com.uy\/wp-content\/uploads\/2022\/01\/RadaresPerimetrales-720x484.jpg 720w\" sizes=\"(max-width: 1024px) 100vw, 1024px\" \/>\t\t\t\t\t\t\t\t\t\t\t\t\t\t\t<\/div>\n\t\t\t\t<\/div>\n\t\t\t\t\t<\/div>\n\t\t<\/div>\n\t\t\t\t<div class=\"elementor-column elementor-col-50 elementor-top-column elementor-element elementor-element-91c7ba1 ot-column-items-top ot-flex-column-vertical\" data-id=\"91c7ba1\" data-element_type=\"column\" data-settings=\"{&quot;background_background&quot;:&quot;classic&quot;}\">\n\t\t\t<div class=\"elementor-widget-wrap elementor-element-populated\">\n\t\t\t\t\t\t<div class=\"elementor-element elementor-element-22a44b5 elementor-widget elementor-widget-iheading\" data-id=\"22a44b5\" data-element_type=\"widget\" data-widget_type=\"iheading.default\">\n\t\t\t\t<div class=\"elementor-widget-container\">\n\t\t\t\t\t\t\t<div class=\"ot-heading\">\r\n\t        <h2 class=\"main-heading\">Radares perimetrales<\/h2>\t    <\/div>\r\n\t    \t\t\t\t<\/div>\n\t\t\t\t<\/div>\n\t\t\t\t<div class=\"elementor-element elementor-element-b21c520 elementor-widget elementor-widget-text-editor\" data-id=\"b21c520\" data-element_type=\"widget\" data-widget_type=\"text-editor.default\">\n\t\t\t\t<div class=\"elementor-widget-container\">\n\t\t\t\t\t\t\t\t\t<p><span style=\"font-weight: 400;\">El\u00a0radar\u00a0para protecci\u00f3n perimetral de estado s\u00f3lido<\/span><b>,<\/b><span style=\"font-weight: 400;\">\u00a0ha sido dise\u00f1ado para contrarrestar los\u00a0<\/span><b>inconvenientes de los radares giratorios<\/b><span style=\"font-weight: 400;\">\u00a0ofreciendo una soluci\u00f3n\u00a0de detecci\u00f3n\u00a0por radar flexible, econ\u00f3mica y muy eficaz.<\/span><\/p><p><span style=\"font-weight: 400;\">El resultado es un sensor de radar compacto, de apenas 25 cm, con un peso que oscila entre 700 g y 2,3 kg dependiendo del modelo y que puede instalarse en un poste o infraestructura existente sin necesidad de realizar obra civil.<\/span><\/p><p><span style=\"font-weight: 400;\">Un sensor de radar puede\u00a0detectar y seguir un objetivo en movimiento del tama\u00f1o de una persona\u00a0en cualquier punto de la zona de detecci\u00f3n a 350 m de distancia. Y puede hacerlo en tiempo real, tanto de d\u00eda como de noche, con lluvia, niebla y nieve.<\/span><\/p><p><span style=\"font-weight: 400;\">Adem\u00e1s, es f\u00e1cil de configurar y puede integrarse con otros radares y c\u00e1maras PTZ de la instalaci\u00f3n.<\/span><\/p><p><a href=\"https:\/\/servinfo.com.uy\/index.php\/contacto\/\"><span style=\"font-weight: 400;\">Por m\u00e1s informaci\u00f3n cont\u00e1ctenos<\/span><\/a><\/p>\t\t\t\t\t\t\t\t<\/div>\n\t\t\t\t<\/div>\n\t\t\t\t\t<\/div>\n\t\t<\/div>\n\t\t\t\t\t<\/div>\n\t\t<\/section>\n\t\t\t\t<\/div>\n\t\t","protected":false},"excerpt":{"rendered":"<p>Desarrollamos e implementamos soluciones tecnol\u00f3gicas para mejorar la seguridad en espacios f\u00edsicos con altos requerimientos de control y monitoreo de acceso, tanto para propiedades de uso como vivienda as\u00ed como para empresas. Seguridad perimetral Combinando tecnolog\u00eda que hasta hace poco era\u00a0\u00fanicamente de grado militar, los sistemas de c\u00e1maras con sensores t\u00e9rmicos permiten la identificaci\u00f3n de [&hellip;]<\/p>\n","protected":false},"author":1,"featured_media":0,"parent":0,"menu_order":0,"comment_status":"closed","ping_status":"closed","template":"","meta":{"footnotes":""},"class_list":["post-5400","page","type-page","status-publish","hentry"],"yoast_head":"<!-- This site is optimized with the Yoast SEO plugin v27.3 - https:\/\/yoast.com\/product\/yoast-seo-wordpress\/ -->\n<title>Tecnolog\u00eda para la seguridad - Servinfo<\/title>\n<meta name=\"robots\" content=\"index, follow, max-snippet:-1, max-image-preview:large, max-video-preview:-1\" \/>\n<link rel=\"canonical\" href=\"https:\/\/servinfo.com.uy\/index.php\/tecnologia-para-la-seguridad\/\" \/>\n<meta property=\"og:locale\" content=\"es_ES\" \/>\n<meta property=\"og:type\" content=\"article\" \/>\n<meta property=\"og:title\" content=\"Tecnolog\u00eda para la seguridad - Servinfo\" \/>\n<meta property=\"og:description\" content=\"Desarrollamos e implementamos soluciones tecnol\u00f3gicas para mejorar la seguridad en espacios f\u00edsicos con altos requerimientos de control y monitoreo de acceso, tanto para propiedades de uso como vivienda as\u00ed como para empresas. Seguridad perimetral Combinando tecnolog\u00eda que hasta hace poco era\u00a0\u00fanicamente de grado militar, los sistemas de c\u00e1maras con sensores t\u00e9rmicos permiten la identificaci\u00f3n de [&hellip;]\" \/>\n<meta property=\"og:url\" content=\"https:\/\/servinfo.com.uy\/index.php\/tecnologia-para-la-seguridad\/\" \/>\n<meta property=\"og:site_name\" content=\"Servinfo\" \/>\n<meta property=\"article:publisher\" content=\"https:\/\/www.facebook.com\/lidefoxsa.uruguay\" \/>\n<meta property=\"article:modified_time\" content=\"2022-01-23T03:36:52+00:00\" \/>\n<meta property=\"og:image\" content=\"https:\/\/servinfo.com.uy\/wp-content\/uploads\/2022\/01\/Seguridad-Perimetral-Camaras-Termicas-1024x683.jpg\" \/>\n<meta name=\"twitter:card\" content=\"summary_large_image\" \/>\n<meta name=\"twitter:site\" content=\"@ServinfoUruguay\" \/>\n<meta name=\"twitter:label1\" content=\"Est. reading time\" \/>\n\t<meta name=\"twitter:data1\" content=\"2 minutos\" \/>\n<script type=\"application\/ld+json\" class=\"yoast-schema-graph\">{\"@context\":\"https:\\\/\\\/schema.org\",\"@graph\":[{\"@type\":\"WebPage\",\"@id\":\"https:\\\/\\\/servinfo.com.uy\\\/index.php\\\/tecnologia-para-la-seguridad\\\/\",\"url\":\"https:\\\/\\\/servinfo.com.uy\\\/index.php\\\/tecnologia-para-la-seguridad\\\/\",\"name\":\"Tecnolog\u00eda para la seguridad - Servinfo\",\"isPartOf\":{\"@id\":\"https:\\\/\\\/servinfo.com.uy\\\/#website\"},\"primaryImageOfPage\":{\"@id\":\"https:\\\/\\\/servinfo.com.uy\\\/index.php\\\/tecnologia-para-la-seguridad\\\/#primaryimage\"},\"image\":{\"@id\":\"https:\\\/\\\/servinfo.com.uy\\\/index.php\\\/tecnologia-para-la-seguridad\\\/#primaryimage\"},\"thumbnailUrl\":\"https:\\\/\\\/servinfo.com.uy\\\/wp-content\\\/uploads\\\/2022\\\/01\\\/Seguridad-Perimetral-Camaras-Termicas-1024x683.jpg\",\"datePublished\":\"2021-12-20T00:01:16+00:00\",\"dateModified\":\"2022-01-23T03:36:52+00:00\",\"breadcrumb\":{\"@id\":\"https:\\\/\\\/servinfo.com.uy\\\/index.php\\\/tecnologia-para-la-seguridad\\\/#breadcrumb\"},\"inLanguage\":\"es-UY\",\"potentialAction\":[{\"@type\":\"ReadAction\",\"target\":[\"https:\\\/\\\/servinfo.com.uy\\\/index.php\\\/tecnologia-para-la-seguridad\\\/\"]}]},{\"@type\":\"ImageObject\",\"inLanguage\":\"es-UY\",\"@id\":\"https:\\\/\\\/servinfo.com.uy\\\/index.php\\\/tecnologia-para-la-seguridad\\\/#primaryimage\",\"url\":\"https:\\\/\\\/servinfo.com.uy\\\/wp-content\\\/uploads\\\/2022\\\/01\\\/Seguridad-Perimetral-Camaras-Termicas-1024x683.jpg\",\"contentUrl\":\"https:\\\/\\\/servinfo.com.uy\\\/wp-content\\\/uploads\\\/2022\\\/01\\\/Seguridad-Perimetral-Camaras-Termicas-1024x683.jpg\"},{\"@type\":\"BreadcrumbList\",\"@id\":\"https:\\\/\\\/servinfo.com.uy\\\/index.php\\\/tecnologia-para-la-seguridad\\\/#breadcrumb\",\"itemListElement\":[{\"@type\":\"ListItem\",\"position\":1,\"name\":\"Home\",\"item\":\"https:\\\/\\\/servinfo.com.uy\\\/\"},{\"@type\":\"ListItem\",\"position\":2,\"name\":\"Tecnolog\u00eda para la seguridad\"}]},{\"@type\":\"WebSite\",\"@id\":\"https:\\\/\\\/servinfo.com.uy\\\/#website\",\"url\":\"https:\\\/\\\/servinfo.com.uy\\\/\",\"name\":\"Servinfo\",\"description\":\"Soluciones Tecnol\u00f3gicas\",\"publisher\":{\"@id\":\"https:\\\/\\\/servinfo.com.uy\\\/#organization\"},\"potentialAction\":[{\"@type\":\"SearchAction\",\"target\":{\"@type\":\"EntryPoint\",\"urlTemplate\":\"https:\\\/\\\/servinfo.com.uy\\\/?s={search_term_string}\"},\"query-input\":{\"@type\":\"PropertyValueSpecification\",\"valueRequired\":true,\"valueName\":\"search_term_string\"}}],\"inLanguage\":\"es-UY\"},{\"@type\":\"Organization\",\"@id\":\"https:\\\/\\\/servinfo.com.uy\\\/#organization\",\"name\":\"Servinfo Soluciones Tecnol\u00f3gicas\",\"url\":\"https:\\\/\\\/servinfo.com.uy\\\/\",\"logo\":{\"@type\":\"ImageObject\",\"inLanguage\":\"es-UY\",\"@id\":\"https:\\\/\\\/servinfo.com.uy\\\/#\\\/schema\\\/logo\\\/image\\\/\",\"url\":\"https:\\\/\\\/servinfo.com.uy\\\/wp-content\\\/uploads\\\/2020\\\/09\\\/Artboard-2.png\",\"contentUrl\":\"https:\\\/\\\/servinfo.com.uy\\\/wp-content\\\/uploads\\\/2020\\\/09\\\/Artboard-2.png\",\"width\":615,\"height\":169,\"caption\":\"Servinfo Soluciones Tecnol\u00f3gicas\"},\"image\":{\"@id\":\"https:\\\/\\\/servinfo.com.uy\\\/#\\\/schema\\\/logo\\\/image\\\/\"},\"sameAs\":[\"https:\\\/\\\/www.facebook.com\\\/lidefoxsa.uruguay\",\"https:\\\/\\\/x.com\\\/ServinfoUruguay\",\"https:\\\/\\\/www.instagram.com\\\/servinfouruguay\\\/?hl=en\",\"https:\\\/\\\/uy.linkedin.com\\\/company\\\/servinfo\"]}]}<\/script>\n<!-- \/ Yoast SEO plugin. -->","yoast_head_json":{"title":"Tecnolog\u00eda para la seguridad - Servinfo","robots":{"index":"index","follow":"follow","max-snippet":"max-snippet:-1","max-image-preview":"max-image-preview:large","max-video-preview":"max-video-preview:-1"},"canonical":"https:\/\/servinfo.com.uy\/index.php\/tecnologia-para-la-seguridad\/","og_locale":"es_ES","og_type":"article","og_title":"Tecnolog\u00eda para la seguridad - Servinfo","og_description":"Desarrollamos e implementamos soluciones tecnol\u00f3gicas para mejorar la seguridad en espacios f\u00edsicos con altos requerimientos de control y monitoreo de acceso, tanto para propiedades de uso como vivienda as\u00ed como para empresas. Seguridad perimetral Combinando tecnolog\u00eda que hasta hace poco era\u00a0\u00fanicamente de grado militar, los sistemas de c\u00e1maras con sensores t\u00e9rmicos permiten la identificaci\u00f3n de [&hellip;]","og_url":"https:\/\/servinfo.com.uy\/index.php\/tecnologia-para-la-seguridad\/","og_site_name":"Servinfo","article_publisher":"https:\/\/www.facebook.com\/lidefoxsa.uruguay","article_modified_time":"2022-01-23T03:36:52+00:00","og_image":[{"url":"https:\/\/servinfo.com.uy\/wp-content\/uploads\/2022\/01\/Seguridad-Perimetral-Camaras-Termicas-1024x683.jpg","type":"","width":"","height":""}],"twitter_card":"summary_large_image","twitter_site":"@ServinfoUruguay","twitter_misc":{"Est. reading time":"2 minutos"},"schema":{"@context":"https:\/\/schema.org","@graph":[{"@type":"WebPage","@id":"https:\/\/servinfo.com.uy\/index.php\/tecnologia-para-la-seguridad\/","url":"https:\/\/servinfo.com.uy\/index.php\/tecnologia-para-la-seguridad\/","name":"Tecnolog\u00eda para la seguridad - Servinfo","isPartOf":{"@id":"https:\/\/servinfo.com.uy\/#website"},"primaryImageOfPage":{"@id":"https:\/\/servinfo.com.uy\/index.php\/tecnologia-para-la-seguridad\/#primaryimage"},"image":{"@id":"https:\/\/servinfo.com.uy\/index.php\/tecnologia-para-la-seguridad\/#primaryimage"},"thumbnailUrl":"https:\/\/servinfo.com.uy\/wp-content\/uploads\/2022\/01\/Seguridad-Perimetral-Camaras-Termicas-1024x683.jpg","datePublished":"2021-12-20T00:01:16+00:00","dateModified":"2022-01-23T03:36:52+00:00","breadcrumb":{"@id":"https:\/\/servinfo.com.uy\/index.php\/tecnologia-para-la-seguridad\/#breadcrumb"},"inLanguage":"es-UY","potentialAction":[{"@type":"ReadAction","target":["https:\/\/servinfo.com.uy\/index.php\/tecnologia-para-la-seguridad\/"]}]},{"@type":"ImageObject","inLanguage":"es-UY","@id":"https:\/\/servinfo.com.uy\/index.php\/tecnologia-para-la-seguridad\/#primaryimage","url":"https:\/\/servinfo.com.uy\/wp-content\/uploads\/2022\/01\/Seguridad-Perimetral-Camaras-Termicas-1024x683.jpg","contentUrl":"https:\/\/servinfo.com.uy\/wp-content\/uploads\/2022\/01\/Seguridad-Perimetral-Camaras-Termicas-1024x683.jpg"},{"@type":"BreadcrumbList","@id":"https:\/\/servinfo.com.uy\/index.php\/tecnologia-para-la-seguridad\/#breadcrumb","itemListElement":[{"@type":"ListItem","position":1,"name":"Home","item":"https:\/\/servinfo.com.uy\/"},{"@type":"ListItem","position":2,"name":"Tecnolog\u00eda para la seguridad"}]},{"@type":"WebSite","@id":"https:\/\/servinfo.com.uy\/#website","url":"https:\/\/servinfo.com.uy\/","name":"Servinfo","description":"Soluciones Tecnol\u00f3gicas","publisher":{"@id":"https:\/\/servinfo.com.uy\/#organization"},"potentialAction":[{"@type":"SearchAction","target":{"@type":"EntryPoint","urlTemplate":"https:\/\/servinfo.com.uy\/?s={search_term_string}"},"query-input":{"@type":"PropertyValueSpecification","valueRequired":true,"valueName":"search_term_string"}}],"inLanguage":"es-UY"},{"@type":"Organization","@id":"https:\/\/servinfo.com.uy\/#organization","name":"Servinfo Soluciones Tecnol\u00f3gicas","url":"https:\/\/servinfo.com.uy\/","logo":{"@type":"ImageObject","inLanguage":"es-UY","@id":"https:\/\/servinfo.com.uy\/#\/schema\/logo\/image\/","url":"https:\/\/servinfo.com.uy\/wp-content\/uploads\/2020\/09\/Artboard-2.png","contentUrl":"https:\/\/servinfo.com.uy\/wp-content\/uploads\/2020\/09\/Artboard-2.png","width":615,"height":169,"caption":"Servinfo Soluciones Tecnol\u00f3gicas"},"image":{"@id":"https:\/\/servinfo.com.uy\/#\/schema\/logo\/image\/"},"sameAs":["https:\/\/www.facebook.com\/lidefoxsa.uruguay","https:\/\/x.com\/ServinfoUruguay","https:\/\/www.instagram.com\/servinfouruguay\/?hl=en","https:\/\/uy.linkedin.com\/company\/servinfo"]}]}},"_links":{"self":[{"href":"https:\/\/servinfo.com.uy\/index.php\/wp-json\/wp\/v2\/pages\/5400","targetHints":{"allow":["GET"]}}],"collection":[{"href":"https:\/\/servinfo.com.uy\/index.php\/wp-json\/wp\/v2\/pages"}],"about":[{"href":"https:\/\/servinfo.com.uy\/index.php\/wp-json\/wp\/v2\/types\/page"}],"author":[{"embeddable":true,"href":"https:\/\/servinfo.com.uy\/index.php\/wp-json\/wp\/v2\/users\/1"}],"replies":[{"embeddable":true,"href":"https:\/\/servinfo.com.uy\/index.php\/wp-json\/wp\/v2\/comments?post=5400"}],"version-history":[{"count":28,"href":"https:\/\/servinfo.com.uy\/index.php\/wp-json\/wp\/v2\/pages\/5400\/revisions"}],"predecessor-version":[{"id":5848,"href":"https:\/\/servinfo.com.uy\/index.php\/wp-json\/wp\/v2\/pages\/5400\/revisions\/5848"}],"wp:attachment":[{"href":"https:\/\/servinfo.com.uy\/index.php\/wp-json\/wp\/v2\/media?parent=5400"}],"curies":[{"name":"wp","href":"https:\/\/api.w.org\/{rel}","templated":true}]}}